(i) = i**3 - 12*i**2 + 2*i - 23. Let h be v(12). What are the prime factors of n(h)?
3
Suppose -49 - 101 = -30*a. Suppose m = -a*p + 2713, 5*p = 2*m + 1379 + 1325. What are the prime factors of p?
2, 271
Let u be 2 + 2/(2 + -4). Let t(g) = 4*g - 3. Let z be t(u). What are the prime factors of (0 + z)/((-24)/(-3672))?
3, 17
Let y be (-25)/((21 - 20)*(-2)/(-44)). Let d = y + 828. List the prime factors of d.
2, 139
Let q be 20/4 - 6 - -6. Suppose -w - z = -694 - 228, q*w + 2*z - 4619 = 0. List the prime factors of w.
5, 37
Let x = 26812 - -33269. What are the prime factors of x?
3, 7, 2861
Let f(j) = 2*j**2 - 55*j + 48. Let q be f(27). Suppose q*g = 1986 - 621. What are the prime factors of g?
5, 13
Let q = 184 - 182. Suppose 2*b - 307 = -4*l + 993, -3*l + 976 = q*b. List the prime factors of l.
2, 3
Suppose 5*a - 3912 = -4*i + 4945, -2*a = -3*i + 6683. List the prime factors of i.
3, 13, 19
Let x(m) = 1 + 0 + 4 + m**2 + m - 1. Let i be x(0). Suppose -3*w - 2*q + 22 = 0, -3*w + q - 13 = -i*q. What are the prime factors of w?
2
Let r(z) = 866*z - 1853. What are the prime factors of r(29)?
7, 3323
Let i be (-8)/28 - 4/(-14). Let j be i/3 + (9 - 7). Suppose j*v - 80 = -2*v. What are the prime factors of v?
2, 5
Let f(d) = 4*d**3 - 3*d**2 + 2*d - 51. Let c = -274 + 279. What are the prime factors of f(c)?
2, 3
Let l(d) = 4*d + 8. Let m(y) = -5*y - 8. Let j(u) = 4*l(u) + 3*m(u). Let t be j(-6). List the prime factors of (t - (0 + -2 - 82)) + 2.
2, 11
Let m be ((-4)/12 + 6/(-9))*-1163. Suppose -o = -2*p - 368, 4*o - 299 = 3*p + m. What are the prime factors of o?
2, 7, 13
Let g = -42 - -44. Suppose u = -5*x + 19, 2*u + 0 = 2*x + g. Suppose a - 6 = -x, -4*z - 4*a + 132 = 0. List the prime factors of z.
2, 3, 5
Suppose 541703 = 23*m + 21567 - 188954. List the prime factors of m.
2, 5, 3083
Suppose -4*d - 5*j = -297, 2*j = -d + 3*d - 126. Suppose -d = q - 230. What are the prime factors of q?
2, 3
What are the prime factors of 24/(-3) - -12 - -12138?
2, 13, 467
Suppose 34*o - 2174320 = 676002. List the prime factors of o.
83833
Suppose 0 = -q - 4*g + 13822, -g + 41 = 46. What are the prime factors of q?
2, 3, 769
Suppose 9 - 3 = -3*m. Let l be (m + 2)*5/(-10). Suppose l = -0*i - 6*i + 564. List the prime factors of i.
2, 47
Let u(y) = y - 22. Let x be u(25). Suppose 3*o - 2*s - 9 = 0, 0*o - o = -5*s - x. Suppose 16*b - 1521 = o*b. List the prime factors of b.
3, 13
Let o(u) = u**2 - 9*u + 4. Let z be o(6). Suppose -5*j + n = 5*n - 104, 0 = -5*j + 3*n + 97. Let g = j + z. What are the prime factors of g?
2, 3
Suppose 2*k + b = 2481, 5*k - 5*b - 4878 - 1362 = 0. What are the prime factors of k?
11, 113
Suppose 0 = 17*p + 27 + 109. Let q(h) = -26*h + 197. List the prime factors of q(p).
3, 5
Suppose 0 = 6*h - 5*h - 3. Suppose 109 = -3*r - b, r = h*b - 6 - 37. Let t = r + 151. List the prime factors of t.
2, 3, 19
Let k be ((-12)/8)/(1/74). Let i = k - -172. Suppose -59 = -10*x + i. What are the prime factors of x?
2, 3
Let z(r) = -r**2 + 12*r - 7. Let j be z(11). Suppose i + 40 = j*d, 2*d + 2*i = d + 1. Suppose -d*c + 2930 = c. List the prime factors of c.
293
Let b(s) = s**3 - 6*s**2 - 8*s + 6. Let v be b(7). Let f be (-5 - -3 - 1)*v. Suppose 3*y = f*q - 258, 5*q = 3*y - 6*y + 454. What are the prime factors of q?
89
Suppose 8*v = 10*v - 4*s - 544, v - 272 = 4*s. List the prime factors of v.
2, 17
Let m be (-6)/(-39) + (-74)/(-26). Suppose m*b + 52 = -4*k, -4*k - 28 = b - 0*k. What are the prime factors of (4 + (-40)/b)*12?
2, 11
Suppose -40 = -0*g + 4*g + 2*d, 0 = 5*g + 5*d + 55. Let n be 36/g - 4*11. Let r = n + 50. What are the prime factors of r?
2
Let v be 14136/28 + ((-45)/(-21) - 2). Suppose -271 - 552 = -5*h + 3*l, 3*h + l = v. What are the prime factors of h?
167
Let p = 1 + -2. Let r(m) = -85*m - 23. Let v(l) = -167*l - 56. Let d(t) = 5*r(t) - 2*v(t). What are the prime factors of d(p)?
2, 11
Let a(x) = -1092*x - 2889. List the prime factors of a(-34).
3, 101, 113
Let l = -6930 + 18564. What are the prime factors of l?
2, 3, 7, 277
Let v = 54 - -36. List the prime factors of (-20)/v - (2 - 9618/27).
2, 3, 59
Let l = -12029 + 39429. List the prime factors of l.
2, 5, 137
Let d(f) = 2*f**3 - 28*f**2 + 2. Let c be d(14). Suppose g - 5516 = -4*z, 13*g = c*z + 17*g - 2758. What are the prime factors of z?
7, 197
Suppose 5*g - 4*i + 1422 = 4740, -5*g - 2*i + 3336 = 0. Let p = g - 177. What are the prime factors of p?
3, 163
Let a(h) = 1416*h**3 + 6*h**2 + h - 6. List the prime factors of a(2).
2, 2837
Let i(p) = p**3 - 12*p**2 + 13*p + 8. Let v be i(11). Suppose 0*r = -6*r + v. What are the prime factors of 101 + 3*r/(-15)?
2, 5
Suppose -5369 = -t + 657*r - 659*r, 5*t - 26829 = -2*r. What are the prime factors of t?
5, 29, 37
Suppose -5*z + 5 = -5*c, 5*c - 8*z = -5*z - 7. What are the prime factors of ((-612)/c)/(-22 - -24)?
3, 17
Let a(s) be the third derivative of -s**6/40 - 2*s**5/15 - 11*s**4/8 - 2*s**3/3 + 5*s**2 - 13*s. List the prime factors of a(-7).
2, 3
Suppose -3*g + f = -856, 0*g - 5*f + 1420 = 5*g. Let r = 476 - g. List the prime factors of r.
191
Let t be (-34)/(-14) + (-3)/7. Let h(i) = 22*i**2 + 7*i + 8. Let z(k) = -21*k**2 - 7*k - 8. Let w(r) = t*z(r) + 3*h(r). List the prime factors of w(-2).
2, 3, 5
Let y(i) = 32*i**2 - 30*i + 40. List the prime factors of y(-12).
2, 313
Let v(f) be the first derivative of f**4/4 + 20*f**3/3 + 5*f**2 - 27*f - 43. List the prime factors of v(-15).
2, 3, 79
Let l = 895 + 4677. List the prime factors of l.
2, 7, 199
Suppose 0 = -5*n + 3*s - 51, 0 = -4*s - 24 + 12. Let o(x) be the second derivative of -x**4/12 - 2*x**3 + 25*x**2/2 - x. What are the prime factors of o(n)?
5
Let a(i) = 9*i**3 + 20*i**2 + 20*i - 431. What are the prime factors of a(13)?
2, 11491
Let b(y) = -4*y**3 + 4*y**2 - 5*y + 3. Let o = 13 - 17. Let v be b(o). Let f = v + -243. List the prime factors of f.
2, 5
Let g = -35830 - -67296. List the prime factors of g.
2, 15733
Let a = 83 - 81. Suppose i + 5*r - 297 = 2*r, 3*i = -a*r + 898. List the prime factors of i.
2, 3, 5
Let x(m) = -288*m + 1439. What are the prime factors of x(-21)?
7487
Suppose 4*h - 5*s = 38407 + 87347, -2*s = -h + 31437. What are the prime factors of h?
23, 1367
Let w(y) = y**3 - 2*y**2 + 3*y - 2. Let m be w(5). Suppose -7*g - m - 59 = 0. Let k = g - -56. What are the prime factors of k?
5, 7
List the prime factors of (-114)/3021 - (-839367)/159.
5279
What are the prime factors of 7092 + 48/108*9?
2, 887
List the prime factors of 668/(-501)*16842/(-8).
7, 401
Let i(o) = 44 - 5*o**2 + 18*o**2 + 9*o**2 - o**3 + 31*o. Let r = 2853 - 2830. What are the prime factors of i(r)?
2, 3, 19
Suppose -8480 = -12*l - 4*l. Let f = l - -1176. List the prime factors of f.
2, 853
Let s(o) = -7*o + 27. Let y be s(20). Let n = 185 + y. Suppose 3*m - 6*m = -n. What are the prime factors of m?
2, 3
Let a(x) be the third derivative of 301*x**5/60 - 2*x**3/3 - 29*x**2. Let q be a(-2). List the prime factors of ((-36)/10)/(5/(q/(-18))).
2, 3
Suppose 736953 + 576098 = 180*t - 268429. List the prime factors of t.
2, 23, 191
Let u(s) = 364*s + 785. List the prime factors of u(6).
2969
Let r = 15067 + 5654. What are the prime factors of r?
3, 6907
Suppose -2*p = 4*s - 200, -p + 0*p + s = -85. Let z = p - 94. List the prime factors of 1/4 + (-711)/z.
2, 89
Suppose 2*b + 1128 = -4*o, 2*b + 1412 = -4*o - o. Let y = o + 493. List the prime factors of y.
11, 19
Suppose -2*l - 2*g + 68550 = 5040, 0 = -2*l - 3*g + 63510. What are the prime factors of l?
3, 5, 29, 73
Suppose 2*l = -4, 3*t = -18*l + 14*l + 104191. List the prime factors of t.
47, 739
Suppose 0 = -55*j + 62*j - 15085. Suppose -3*i + j = i - v, 5*i - 2*v - 2693 = 0. What are the prime factors of i?
7, 11
Suppose 4*l + 6*o = 2*o - 8, l + 22 = -5*o. Let d be 198*((-55)/(-15) - l). Suppose -m = 4*s + s - 612, -3*m = -s + d. List the prime factors of s.
3, 41
Suppose 0 = 4*j, 0 = -4*x + 4*j - 2*j + 268. Let p be 1/((-3)/5 - 112/(-160)). Let h = x - p. List the prime factors of h.
3, 19
Let n(i) = -149*i - 2. Let f = 2 - 3. Let s be n(f). Suppose -35 = 4*l - s. What are the prime factors of l?
2, 7
Let a = 540 - -2014. What are the prime factors of a?
2, 1277
What are the prime factors of (-3)/(-42) + ((-73748890)/(-140))/17 + -3?
2, 3,